 when 181144 is divided by 495.
469
What is the remainder when 217483 is divided by 2684?
79
What is the remainder when 1346324 is divided by 12979?
9487
Calculate the remainder when 64532 is divided by 15628.
2020
Calculate the remainder when 10540760 is divided by 5270373.
14
Calculate the remainder when 1834157 is divided by 526.
521
Calculate the remainder when 12865936 is divided by 38.
10
Calculate the remainder when 89475 is divided by 435.
300
Calculate the remainder when 652942 is divided by 15545.
52
What is the remainder when 8344279 is divided by 236?
27
What is the remainder when 5837036 is divided by 240?
236
What is the remainder when 23639075 is divided by 310?
25
What is the remainder when 47664233 is divided by 9?
8
What is the remainder when 10131571 is divided by 3377150?
121
Calculate the remainder when 560178 is divided by 1152.
306
What is the remainder when 36614 is divided by 4253?
2590
What is the remainder when 588876 is divided by 10151?
118
Calculate the remainder when 739581 is divided by 369772.
37
Calculate the remainder when 84541 is divided by 14049.
247
What is the remainder when 27859 is divided by 8794?
1477
What is the remainder when 267495 is divided by 40?
15
What is the remainder when 47549 is divided by 7866?
353
Calculate the remainder when 97936 is divided by 314.
282
Calculate the remainder when 12692 is divided by 1574.
100
What is the remainder when 123428360 is divided by 123428348?
12
What is the remainder when 133807 is divided by 161?
16
Calculate the remainder when 2502483 is divided by 2.
1
Calculate the remainder when 356545892 is divided by 168.
164
What is the remainder when 20694242 is divided by 1339?
1336
Calculate the remainder when 147865 is divided by 112.
25
What is the remainder when 2270275 is divided by 55372?
23
What is the remainder when 28451633 is divided by 95?
83
What is the remainder when 49831 is divided by 6227?
15
Calculate the remainder when 156036 is divided by 9559.
3092
What is the remainder when 1010960 is divided by 88?
16
Calculate the remainder when 1953166 is divided by 180.
166
What is the remainder when 45403578 is divided by 11350884?
42
Calculate the remainder when 12559743 is divided by 49840.
63
Calculate the remainder when 4501129 is divided by 479.
445
Calculate the remainder when 10960991 is divided by 504.
503
Calculate the remainder when 816240 is divided by 816208.
32
Calculate the remainder when 3315875 is divided by 552566.
479
What is the remainder when 21175430 is divided by 94957?
19
What is the remainder when 233370 is divided by 77786?
12
Calculate the remainder when 5212547 is divided by 3268.
87
What is the remainder when 108529850 is divided by 3106?
3104
What is the remainder when 274313278 is divided by 30479252?
10
What is the remainder when 186315 is divided by 1094?
335
What is the remainder when 296400 is divided by 98692?
324
Calculate the remainder when 11004 is divided by 9264.
1740
What is the remainder when 2913883 is divided by 146?
15
What is the remainder when 127305942 is divided by 5967?
5964
Calculate the remainder when 663635 is divided by 1529.
49
What is the remainder when 934667619 is divided by 261?
258
What is the remainder when 14396 is divided by 918?
626
Calculate the remainder when 27939 is divided by 89.
82
Calculate the remainder when 239371 is divided by 780.
691
Calculate the remainder when 2459697 is divided by 191.
190
What is the remainder when 22922 is divided by 456?
122
Calculate the remainder when 465262 is divided by 232442.
378
Calculate the remainder when 1430934 is divided by 2908.
198
What is the remainder when 6869626 is divided by 1212?
10
What is the remainder when 10019240 is divided by 1609?
1606
Calculate the remainder when 249856990 is divided by 24.
22
Calculate the remainder when 71775415 is divided by 13.
10
What is the remainder when 2397544 is divided by 14993?
13657
What is the remainder when 932290 is divided by 56?
2
Calculate the remainder when 18214 is divided by 9002.
210
Calculate the remainder when 430739 is divided by 28606.
1649
Calculate the remainder when 20604 is divided by 1508.
1000
Calculate the remainder when 42597715 is divided by 43.
23
What is the remainder when 15479924 is divided by 204?
200
What is the remainder when 2518742 is divided by 861?
317
Calculate the remainder when 34274920 is divided by 402.
400
Calculate the remainder when 1385268 is divided by 51.
6
Calculate the remainder when 213307084 is divided by 159.
157
Calculate the remainder when 3658408 is divided by 10106.
36
Calculate the remainder when 616496 is divided by 17613.
41
Calculate the remainder when 62279 is divided by 3889.
55
What is the remainder when 1189736 is divided by 2428?
16
Calculate the remainder when 461249576 is divided by 110.
106
What is the remainder when 84097 is divided by 9335?
82
Calculate the remainder when 5325679 is divided by 1686.
1291
What is the remainder when 455788 is divided by 52?
8
Calculate the remainder when 1562078 is divided by 520684.
26
Calculate the remainder when 2401034 is divided by 61.
13
Calculate the remainder when 16130 is divided by 1656.
1226
Calculate the remainder when 5852715 is divided by 1541.
1538
Calculate the remainder when 721186 is divided by 7284.
70
What is the remainder when 34643531 is divided by 444?
431
Calculate the remainder when 9572813 is divided by 1549.
1542
What is the remainder when 2615343 is divided by 148?
35
What is the remainder when 56630 is divided by 6569?
4078
Calculate the remainder when 303882 is divided by 343.
327
Calculate the remainder when 31872161 is divided by 29566.
13
Calculate the remainder when 85191 is divided by 17024.
71
Calculate the remainder when 13324 is divided by 2663.
9
What is the remainder when 595962 is divided by 7180?
22
Calculate the remainder when 255051413 is divided by 155.
153
What is the remainder when 2302507 is divided by 39?
25
Calculate the remainder when 16549482 is divided by 1392.
1386
What is the remainder when 910605 is divided by 1270?
15
Calculate the remainder when 833824 is divided by 312.
160
Calculate the remainder when 137298 is divided by 332.
182
What is the remainder when 36166072 is divided by 1735?
1732
Calculate the remainder when 175989 is divided by 25130.
79
What is the remainder when 17694508 is divided by 414?
148
What is the remainder when 272379 is divided by 90708?
255
Calculate the remainder when 6302555 is divided by 53.
7
What is the remainder when 17517031 is divided by 8910?
8881
Calculate the remainder when 2629079 is divided by 218.
217
What is the remainder when 1036099 is divided by 746?
651
Calculate the remainder when 6157233 is divided by 9727.
42
Calculate the remainder when 3648528 is divided by 23388.
0
Calculate the remainder when 1515354 is divided by 103.
18
What is the remainder when 1807854 is divided by 903897?
60
Calculate the remainder when 22082521 is divided by 28.
13
Calculate the remainder when 126242 is divided by 41137.
2831
Calculate the remainder when 12660342 is divided by 317.
313
What is the remainder when 1581545 is divided by 395375?
45
What is the remainder when 23201352 is divided by 11?
9
Calculate the remainder when 1794030 is divided by 3072.
3054
What is the remainder when 55269 is divided by 54943?
326
Calculate the remainder when 301556 is divided by 5555.
1586
What is the remainder when 95037 is divided by 93491?
1546
What is the remainder when 3667517 is divided by 333404?
73
What is the remainder when 79450334 is divided by 46?
8
What is the remainder when 3195 is divided by 99?
27
What is the remainder when 39071936 is divided by 14733?
20
What is the remainder when 240541581 is divided by 628?
625
Calculate the remainder when 1557913 is divided by 10317.
46
Calculate the remainder when 930432 is divided by 17.
5
What is the remainder when 63521507 is divided by 9074500?
7
What is the remainder when 3932041 is divided by 295?
281
Calculate the remainder when 466362 is divided by 529.
313
Calculate the remainder when 6958401 is divided by 160.
1
What is the remainder when 3002805 is divided by 46197?
0
Calculate the remainder when 1298243 is divided by 444.
431
What is the remainder when 41814621